{"id":19,"date":"2012-06-19T07:14:58","date_gmt":"2012-06-19T07:14:58","guid":{"rendered":"http:\/\/marvin.sn.schule.de\/~tzl\/wordpress\/?page_id=19"},"modified":"2024-02-20T13:38:19","modified_gmt":"2024-02-20T13:38:19","slug":"aktuelles","status":"publish","type":"page","link":"https:\/\/marvin.sachsen.schule\/~tzl\/wordpress\/aktuelles\/","title":{"rendered":"Aktuelles"},"content":{"rendered":"<p><strong>Termine des zweiten Halbjahres im Schuljahr 2023\/2024<\/strong><\/p>\n<p>27.2.2024 Kompetenztest Deutsch 8\/3<\/p>\n<p>28.2.2024 Kompetenztest Englisch 8\/1<\/p>\n<p>29.2.2024 Kompetenztest\u00a0 Mathematik 8\/2 und 8TM<\/p>\n<p>4.3.2024 BLF Deutsch (alle 10. Klassen)<\/p>\n<p>6.3.2024 BLF Englisch (alle 10. Klassen)<\/p>\n<p>7.3.2024 17 &#8211; 19 Uhr 2. Elternsprechtag<\/p>\n<p>8.3.2024 BLF Mathematik (alle 10. Klassen)<\/p>\n<p>11.3. bis 13.3.2024 Probenfahrt KC5-8TM (Colditz)<\/p>\n<p>13.3. bis 15.3.2024 Probenfahrt KC9-12 und TSO<\/p>\n<p>18.3.2024 (praktische Pr\u00fcfungen) und 19.3.2024 (schriftliche Pr\u00fcfung 30 Minuten) Aufnahmepr\u00fcfungen musische Vertiefung &#8222;Chor&#8220; neue 5TM<\/p>\n<p>19.3.2024 Pr\u00e4sentationen der KOLL-Arbeiten der 10. Klassen<\/p>\n<p>21.3.2024 Mitwirkung der Ch\u00f6re und Orchester am Bachgeburtstag (ganzt\u00e4gig)<\/p>\n<p>25.3. bis 27.3.2024 abiturvorbereitender Unterricht (Klasse 12)<\/p>\n<p>28.3. bis 5.4.2024 Osterferien<\/p>\n<p>8.4.2024 &#8211; 19.4.2024 Praktikum der 9. Klassen<\/p>\n<p>ab 8.4.2024 abiturvorbereitender Unterricht (Konsultationen) Thomaner<\/p>\n<p>ab 10.4.2024 ABITUR<\/p>\n<p>1.5.2024 unterrichtsfrei (Tag der Arbeit)<\/p>\n<p>2.5. bis 7.5.2024 Studienfahrt nach England der 10. Klassen<\/p>\n<p>6.5.2024 Fahrt nach Buchenwald (Klassen 9\/1, 9\/2 und 9\/3)<\/p>\n<p>7.5.2024 Fahrt nach Buchenwald (Klasse 9TM)<\/p>\n<p>8.5.2024 unterrichtsfreier Tag (best\u00e4tigt durch die Schulkonferenz am 7.9.2023)<\/p>\n<p>9.5. und 10.5.2024 Feiertag und unterrichtsfreier Tag<\/p>\n<p>18.5.2024 bis 21.5.2024 Pfingsferien<\/p>\n<p>28.5.2024 19 Uhr Abschlusskonzert der Thomasschule (Thomaskirche)<\/p>\n<p>29.5.2024 Zeugnissausgabe 12\/2<\/p>\n<p>10.6.2024 11:45 bis 12:15 Kurzkonzert mit GS (Tag des Forum Thomanum)<\/p>\n<p>zwischen 13.6. und 18.6.2024 sind verschiedene Veranstaltungen geplant &#8211; Informationen sp\u00e4ter<\/p>\n<p>&nbsp;<\/p>\n","protected":false},"excerpt":{"rendered":"<p>Termine des zweiten Halbjahres im Schuljahr 2023\/2024 27.2.2024 Kompetenztest Deutsch 8\/3 28.2.2024 Kompetenztest Englisch 8\/1 29.2.2024 Kompetenztest\u00a0 Mathematik 8\/2 und 8TM 4.3.2024 BLF Deutsch (alle 10. Klassen) 6.3.2024 BLF Englisch (alle 10. Klassen) 7.3.2024 17 &#8211; 19 Uhr 2. Elternsprechtag 8.3.2024 BLF Mathematik (alle 10. Klassen) 11.3. bis 13.3.2024 Probenfahrt KC5-8TM (Colditz) 13.3. bis 15.3.2024 [&hellip;]<\/p>\n","protected":false},"author":2,"featured_media":0,"parent":0,"menu_order":0,"comment_status":"open","ping_status":"open","template":"","meta":[],"_links":{"self":[{"href":"https:\/\/marvin.sachsen.schule\/~tzl\/wordpress\/wp-json\/wp\/v2\/pages\/19"}],"collection":[{"href":"https:\/\/marvin.sachsen.schule\/~tzl\/wordpress\/wp-json\/wp\/v2\/pages"}],"about":[{"href":"https:\/\/marvin.sachsen.schule\/~tzl\/wordpress\/wp-json\/wp\/v2\/types\/page"}],"author":[{"embeddable":true,"href":"https:\/\/marvin.sachsen.schule\/~tzl\/wordpress\/wp-json\/wp\/v2\/users\/2"}],"replies":[{"embeddable":true,"href":"https:\/\/marvin.sachsen.schule\/~tzl\/wordpress\/wp-json\/wp\/v2\/comments?post=19"}],"version-history":[{"count":165,"href":"https:\/\/marvin.sachsen.schule\/~tzl\/wordpress\/wp-json\/wp\/v2\/pages\/19\/revisions"}],"predecessor-version":[{"id":5738,"href":"https:\/\/marvin.sachsen.schule\/~tzl\/wordpress\/wp-json\/wp\/v2\/pages\/19\/revisions\/5738"}],"wp:attachment":[{"href":"https:\/\/marvin.sachsen.schule\/~tzl\/wordpress\/wp-json\/wp\/v2\/media?parent=19"}],"curies":[{"name":"wp","href":"https:\/\/api.w.org\/{rel}","templated":true}]}}